*2 - 7*b**l - 4 + 6*b + 5 + 6*b**3 + 0. What is w(-5)?
-4
Let h = -1680 + 1676. Let g(d) = 3*d - 1. Determine g(h).
-13
Let t be ((-21)/14)/((-9)/24). Let y(z) = -3*z + 1 + z + t*z + z**2. What is y(-4)?
9
Let l(x) = -5*x**3 + 24*x**2 - 29*x + 16. Let h(q) = q**3 - 6*q**2 + 7*q - 4. Let f(i) = -9*h(i) - 2*l(i). Suppose 0 = 73*a - 42*a + 217. Calculate f(a).
-10
Let p(y) = -1 + 3 + y**2 + 0 - 2 - 25*y + 6. Give p(25).
6
Suppose -3*y + 4 = -o - 2, -2*y = 2*o - 4. Let l(x) = -y*x + 17*x**2 + 13*x**2 - 2*x**3 + 0*x - 28*x**2. Determine l(2).
-12
Let n(j) = -j**2 + 3*j - 9. Let i(s) = -s**2 + 2*s - 5. Let g = 40 + -33. Let x(f) = g*i(f) - 4*n(f). Determine x(-1).
-4
Let g be (1/(-5) - 1)/((-8)/40). Let c(i) = -4 + 11 - g + 7*i. Determine c(-1).
-6
Let u = 7 + -2. Let s(o) be the second derivative of 0 + 1/6*o**3 + 1/12*o**4 + 0*o**2 - 1/20*o**u + 5*o. Determine s(2).
-2
Let p be 22/33*(-2 + 4 + 1). Suppose 0 = 2*i - p*r + 6*r - 8, 5*r = 4*i + 36. Let v(n) = -n + 4. What is v(i)?
8
Let l(s) = 2*s**2 + 9*s + 5. Let f(z) = -8*z - 108. Let x be f(-13). What is l(x)?
1
Let v(a) = 11*a - 5. Let l(n) = 5*n - 2. Let d = 17 - 4. Let r(p) = d*l(p) - 6*v(p). Let u be (4/6 - 2)/(31/(-186)). Give r(u).
-4
Let h be (-36)/24 + 2/(-4). Let u(r) = 6*r**2 + 2*r + 3. What is u(h)?
23
Let o = 938 - 948. Let w(f) be the first derivative of f**2/2 + 6*f + 5. Calculate w(o).
-4
Let j be (5/(-50))/(21/(-35)). Let u(z) be the third derivative of -1/60*z**5 + 0*z + 1/6*z**4 + 0 + j*z**3 - 2*z**2. What is u(4)?
1
Let b(m) = 2*m**2 - 13*m - 4. Let o = 474 - 468. What is b(o)?
-10
Let j = -306 + 311. Let a(u) = u - 4. Give a(j).
1
Let p(s) = -s**3 - s. Let b(u) = 2*u**3 - 2*u**2 + 4*u + 1. Let h(i) = b(i) + 3*p(i). Determine h(1).
-1
Let r(p) be the second derivative of p**7/840 + p**6/240 - p**5/120 - p**4/2 - 26*p. Let f(j) be the third derivative of r(j). Give f(2).
17
Let p be 1010/101 + (-19 - 0). Let f(t) = -t**3 - 8*t**2 + 8*t - 8. Let g(s) = -s**3 - 8*s**2 + 8*s - 9. Let w(o) = -5*f(o) + 4*g(o). Calculate w(p).
-5
Let v(z) be the first derivative of -z**5/60 - z**4/6 + z**3/3 - 11*z**2/2 + 6. Let r(j) be the second derivative of v(j). What is r(-3)?
5
Let k(g) = g**3 + 3*g**2 + 3*g - 1. Let p(w) = w**2 + 0 + 7*w - 2 + 2*w**3 + 6*w**2. Let z(v) = -7*k(v) + 3*p(v). Suppose -19*u + 24*u = 0. Give z(u).
1
Let f be 11/13 + (-536)/(-104) + -5. Let i(s) = -18*s. Determine i(f).
-18
Let b(s) be the first derivative of s**4/4 - s**3 + 7*s**2/2 - 7*s + 377. Calculate b(3).
14
Let v(n) = -9*n - 89*n**2 - 11 + 36*n**2 + 19*n**2 + 35*n**2. Calculate v(9).
-11
Let a(s) = s**3 + 7*s**2 + 4*s - 15. Suppose 30 = 39*c - 44*c. Give a(c).
-3
Suppose 3*p + 3*t = -21, 4*p - 5*t + 1 = -0. Let l = -1 + p. Let g(o) = -1 - o**2 - 3 + 2 + 4 - 3*o. Calculate g(l).
-8
Let a(z) = -z**2 - 13*z + 8. Let k(p) = 4*p**2 + 40*p - 25. Let x(b) = -7*a(b) - 2*k(b). Give x(7).
22
Let t(y) = -y**3 + 2*y**2 + 2*y + 2. Suppose 5*r + g = 2*r + 54, 5*r = -4*g + 97. Suppose -5*b = 20, -2*a = -a + 5*b + r. Give t(a).
-1
Let m(k) be the third derivative of -k**5/30 + k**4/24 + k**3/6 - 2*k**2. Let r be 48/(-30)*(-10)/4. Suppose 2*v + 2*v = r*t - 24, -t + 1 = 4*v. Give m(v).
-2
Let n(j) = 2*j**2 - 4*j - 1. Let z be (-4452)/(-224) - 2/(-16). Suppose 29*g - z*g = 36. Determine n(g).
15
Let g(a) = -3069 + 0*a + 3078 - a. Suppose 2*x = o - 4, -o = o + 5*x - 8. Give g(o).
5
Let z(w) = 3*w**2 - 8*w + 4. Let r = 150 - 159. Let n(j) = -j**2 + 2*j - 1. Let y(v) = r*n(v) - 2*z(v). Determine y(1).
2
Let s(g) = 1 - g**3 - 3 + 10*g - 16*g + 8*g**2 + 3. Give s(7).
8
Let l(c) = c**2 - c - 9. Suppose -4*w + 0*w - 14 = 5*p, -p - 4 = 2*w. Let q be l(p). Let y(n) = 3*n - 2. What is y(q)?
-11
Let p be (-1 - (-18)/4)*2. Let k(l) = 2*l**3 + 39*l**2 + 19*l + 5. Let r be k(-19). Let w(d) = d + p - r*d + 4*d - d. Calculate w(5).
2
Let n = 174 + -20879/120. Let p(u) be the third derivative of 1/6*u**3 + 0*u + 1/12*u**4 + 0 + n*u**6 - 11*u**2 + 1/60*u**5. Give p(2).
17
Let x(r) = -6*r**2 + 5*r - 6. Let h(f) = -f**3 - f**2 + f - 1. Let g(m) = h(m) - x(m). Determine g(5).
-15
Let h(v) = 4*v**3 - 4*v**2 - 4*v - 6. Let g(i) = 3*i**3 - 4*i**2 - 2*i - 4. Let x(p) = -3*g(p) + 2*h(p). Give x(4).
-8
Let o(b) = -1 + 8 + 10*b - 4*b - 6*b + 2*b. What is o(5)?
17
Suppose -3*r - 4*k = -24, -r + 0*k - 11 = -5*k. Let l(a) = 3*a + 3. Give l(r).
15
Let i(v) = 13 + 2*v**2 - 5 - 11*v + v**2 - 12*v. Give i(7).
-6
Suppose u - 4*r + 23 = 0, u - 5 = -4*u - 4*r. Let h be 4/(-36) + (-57)/(-27). Let z(k) = 33 + 4*k - 35 + 3*k**2 - h*k**2. Calculate z(u).
-5
Let f(o) = 2*o**2. Let k be 18/(-8)*(2 - -2). Let x be 2/k - 56/72. Let y be x*3/((-12)/(-8)). Determine f(y).
8
Let n(u) be the first derivative of u**4/4 + 8*u**3 + 23*u**2/2 + 2*u + 18. What is n(-23)?
2
Let f(c) = -32*c - 24*c + 59*c - 5. Let w be -4*1 - 16/(-2). Determine f(w).
7
Suppose 0 = b + 4*x - 8, 13 - 18 = -2*b + 3*x. Let i(r) = -r**3 + 7*r**2 - 7*r - 7. Give i(b).
13
Let a = 19 - 19. Suppose 12*m - 15*m + 6 = a. Let r(y) = 2*y**3 - y**2 - 3*y + 2. Give r(m).
8
Let s = -86 - -86. Let i(v) be the second derivative of 0*v**2 + 0*v**3 + v - 1/6*v**4 + s. Calculate i(2).
-8
Let t(q) be the second derivative of -q**3/6 - 9*q**2/2 + 2*q. Let y be (-5)/(-6) + (-7426)/948. Give t(y).
-2
Let o(i) = 7*i + 102 + 6*i - 99 + 3*i**2. Let h be o(-4). Let j(x) = -10*x**3. What is j(h)?
10
Let o(p) = -p**3 - 4*p**2 + 2*p + 3. Suppose -3*v + 55 = -3*k - 17, 5*v + 2*k - 99 = 0. Suppose -2*l - 15 = -3*t, -3*l - 2*l - v = -2*t. Determine o(l).
-12
Let i(q) = q**2 + 16*q + 33. Let o be 1 + 2 + (-64)/(-6 - -10). Calculate i(o).
-6
Suppose -4*f - v + 22 = 0, v = f - v - 1. Let l(i) = -i**3 - 3 + 3*i + f + 0*i**3 + 2*i**3 + 5*i**2. Suppose -2*x = -3*p - 22, 0 = 4*x - 20 - 0. Give l(p).
6
Let h(p) = -7*p**3 + p**2 - 1. Let b be (6/(-7))/(11/77). Let i be (3/b)/(3/(-6)). Suppose -j + 5 = 2*w, -3*j - w - i = j. Give h(j).
7
Let z = 8 - 1. Suppose -z = 3*h - 19. Let f = 5 - h. Let y(m) = 7*m**2 + m - 1. Determine y(f).
7
Let f(w) = 2*w + 47. Let g be f(-18). Let k(m) = m**2 - 9*m + 2. What is k(g)?
24
Let b(d) = -2 - 6 + 7283*d - 7279*d + 5*d**2 - d**3. Determine b(6).
-20
Let x(d) = -d**2 - 18*d + 7. Let f be (-11050)/595 - 4/(-7). What is x(f)?
7
Let p(s) be the third derivative of -3*s + 1/120*s**6 - 18*s**2 + 7/6*s**3 + 0 + 1/15*s**5 - 5/24*s**4. Let q = -5 + 0. Determine p(q).
7
Let x(q) = q**2 - q - 1. Let w(h) = -8 - 6*h + 2*h**2 - 3*h**2 + 2*h**2. Let l(k) = -w(k) + 2*x(k). Calculate l(-4).
6
Let v = 355 - 349. Let m(k) = -k + 11. Give m(v).
5
Let i(p) = 9*p**2 - 2 + 1 + 2. Let n = 16 + -18. Let v be 3/(2 + -1 - n). Give i(v).
10
Let b(h) = 6 + h**2 - 1 - 11 + 9 - 7*h. What is b(0)?
3
Let p(s) = s**3 + 37*s**2 - 77*s + 32. Let x be p(-39). Let g(t) = t**3 + 6*t**2 - 9*t - 8. Calculate g(x).
6
Let f(g) = -8 - g + 3 - 3 - 4 - 6*g**2. Let x(o) = -o**2 - 1. Let d(b) = -f(b) + 5*x(b). Let w(c) be the first derivative of d(c). What is w(5)?
11
Let o(s) = 2*s**2 + 2*s - 1. Let i(h) = 7*h + 116. Let y be i(-17). Calculate o(y).
11
Let y be 48/4 - -4*1. Let k = 4 - y. Let m = k - -17. Let o(t) = t**2 - 4*t. Calculate o(m).
5
Suppose -5*z = -20, -12 = -4*m - 2*z + 4. Let k(w) = -7*w**3 + 3*w + 6. Let s(j) = -13*j**3 + j**2 + 5*j + 10. Let h(u) = -7*k(u) + 4*s(u). Calculate h(m).
-12
Let m be -1 + 5 - (2 - -2). Let r(j) = j + 2. Let x be r(m). Let a(y) = -2*y - 3*y + 0*y + x + 0*y. Give a(3).
-13
Suppose -2*x - 107 = -5. Let o = x + 54. Let m(i) = i**2 - 2*i + 2. Calculate m(o).
5
Let j(t) = -t + 4. Suppose 5*b - 87 = -5*z + b, 0 = z - 2*b - 9. Suppose 0 = -17*c + z*c. Give j(c).
4
Let n(j) = -j**2 - 7*j - 5. Let u(g) = -g**3 + g**2 - 3*g + 5. Let p = -6 - -8. Let k be u(p). What is n(k)?
5
Let l(h) = -2*h**3 + 5*h**2 + h**3 + 0 + 5*h - 1. Let k(j) = -2*j - 13. Let a be k(-5). Let s be (-1*12)/(a + 1). Determine l(s).
-7
Let v(i) be the third derivative of i**6/120 + i**5/15 + i**4/24 + i**3/3 + 5*i**2. Suppose -3 = -3*r - 3*z, 0 = -0*r + 3*r - 2*z + 12. Give v(r).
8
Let x be 74/(-18) - (6 + 55/(-9)). Let j(t) = -6*t - 5. What is j(x)?
19
Let y(m) be the second derivative of -m**5/20 - m**4/3 - m**2 + 259*m. Give y(-3).
-11
Let m(q) be the first derivative of q**2/2 - 2. Let g(b) be the third derivative of -b**5/60 + b**4/24 + b**